k(w) = 9*w + 239. Give k(-22).
41
Let q(x) = -x**2 + 11. Give q(-5).
-14
Let g(a) = 2*a**2 + 2*a - 1. Give g(2).
11
Let z(r) = r**3 + r**2 + r + 8. Determine z(0).
8
Let k(w) = w**2 - 4. Calculate k(5).
21
Let z(q) = q**3 - 6*q**2 - 9*q + 12. Determine z(7).
-2
Let p(y) = 7*y + 16. Calculate p(-5).
-19
Let o(p) = 18*p**3 - 2*p + 1. Determine o(1).
17
Let b(z) = -z**3 + z**2 + 2*z - 2. Calculate b(3).
-14
Let i(f) = f**2 - 26*f + 20. Calculate i(25).
-5
Let k(f) = f**3 + 3*f**2 - 6*f - 2. What is k(-4)?
6
Let j(m) = -2*m + 12. Calculate j(13).
-14
Let z(h) = 3*h**3 - 25*h**2 + 8*h - 7. Give z(8).
-7
Let q(s) = -s**3 + 14*s - 10. Give q(3).
5
Let i(a) = -a**3 - 14*a**2 - 44*a + 11. Give i(-9).
2
Let b(r) = 37*r**2 - r - 6. Give b(-2).
144
Let a(f) = 6*f - 6. Give a(1).
0
Let l(d) = 2*d - 42. Give l(21).
0
Let h(r) = -2*r**2 - 36*r - 50. Determine h(-17).
-16
Let w(h) = h**3 - 7*h**2 + 3*h - 3. Determine w(3).
-30
Let s(i) = -i**3 - 2*i**2 + 7*i - 8. Calculate s(-5).
32
Let w(h) = -h**3 - h**2 + 46*h - 19. What is w(6)?
5
Let v(y) = y - 24. Give v(11).
-13
Let t(u) = u**3 + 7*u**2 + 6*u. What is t(-7)?
-42
Let w(n) = -n**3 - 3*n**2 - 2*n + 2. Determine w(-2).
2
Let n(b) = -b**3 - 4*b**2 + 7*b + 10. Calculate n(-5).
0
Let y(x) = -x**2 + 28*x + 186. Determine y(-5).
21
Let o(r) = 2*r - 18. Calculate o(8).
-2
Let w(k) = -k**3 - 8*k**2 - 9*k - 17. Give w(-7).
-3
Let a(c) = -c**3 - 8*c**2 + c + 8. What is a(-8)?
0
Let z(r) = -16*r**3 + r - 1. Determine z(1).
-16
Let b(o) = -42*o**3 + o. Determine b(1).
-41
Let w(z) = 2*z**2 + 8. Determine w(6).
80
Let p(c) = -9*c**2 + 4*c + 2. What is p(4)?
-126
Let l(h) = -3*h**2 + 67*h + 114. Calculate l(24).
-6
Let c(b) = 4*b**2 - 72*b + 6. Give c(18).
6
Let c(l) = l**2 - 21*l + 31. Calculate c(19).
-7
Let h(a) = -3*a**2 - 16*a + 3. Calculate h(-7).
-32
Let n(f) = 2*f + 19. What is n(-9)?
1
Let o(a) = 140*a + 699. What is o(-5)?
-1
Let j(c) = -c**3 - 8*c**2 - 4. Give j(-8).
-4
Let b(a) = -3*a**2 + 61*a - 57. Determine b(19).
19
Let y(j) = 3*j**3 + 7*j**2 + 3*j - 1. Give y(-3).
-28
Let t(g) = 3*g - 68. Calculate t(13).
-29
Let y(a) = -a**3 - 5*a**2 - a - 3. Determine y(-5).
2
Let o(x) = -x**2 + 44*x - 119. What is o(41)?
4
Let q(l) = -l**3 + 5*l**2 - 5*l - 15. Give q(-2).
23
Let k(w) = -13*w - 30. What is k(-5)?
35
Let v(n) = n**2 + 8*n + 12. What is v(-11)?
45
Let y(v) = -21*v + 92. Determine y(4).
8
Let y(l) = 3*l**2 - 32. Determine y(-5).
43
Let b(z) = 4*z - 82. What is b(17)?
-14
Let q(i) = 2*i**2 + 27*i + 85. Give q(-5).
0
Let o(w) = 6*w + 52. Give o(-8).
4
Let y(l) = l**2 + 18*l + 65. Calculate y(-10).
-15
Let u(j) = 3*j - 179. Determine u(58).
-5
Let u(a) = -2*a - 9. Determine u(16).
-41
Let o(v) = 4*v + 60. Determine o(-13).
8
Let z(g) = -6*g**2 + 10*g - 10. Calculate z(1).
-6
Let l(o) = -3*o**2 + 22*o - 18. What is l(6)?
6
Let t(g) = 9*g**2 - 5*g + 5. Give t(3).
71
Let k(n) = -11*n - 75. What is k(-8)?
13
Let f(y) = -2*y**3 - 15*y**2 - 4*y - 3. What is f(-7)?
-24
Let u(h) = h**3 - 7*h**2 - 21*h + 12. Give u(9).
-15
Let i(a) = -a**3 + 9*a**2 - 9*a + 4. Determine i(8).
-4
Let f(i) = 2*i**2 + 15*i - 8. Give f(-8).
0
Let d(b) = b**3 + 7*b**2 - 6*b - 6. Determine d(-8).
-22
Let h(y) = 7*y + 190. Determine h(-27).
1
Let d(g) = g**3 - 9*g**2 - 9*g - 9. Calculate d(10).
1
Let f(r) = -r**3 + 2*r**2 - 4*r + 5. Determine f(2).
-3
Let w(m) = -40*m + 11. Calculate w(6).
-229
Let p(t) = -14*t**3 + t - 1. Calculate p(1).
-14
Let y(m) = m**3 - 12*m**2 + 28*m - 24. Give y(8).
-56
Let x(m) = 2*m - 67. Calculate x(21).
-25
Let v(s) = s - 24. Calculate v(7).
-17
Let g(k) = -k**2 + k + 22. Calculate g(0).
22
Let t(j) = -j**3 - 2*j + 5. Calculate t(0).
5
Let q(j) = 2*j + 17. Calculate q(-11).
-5
Let w(x) = -x**2 - 9*x + 10. Give w(-11).
-12
Let w(u) = u**3 - 6*u**2 - 4*u - 4. Determine w(7).
17
Let d(c) = c + 5. Calculate d(-4).
1
Let n(r) = -6*r - 30. Calculate n(-5).
0
Let c(j) = j**2 - 19*j - 4. What is c(13)?
-82
Let a(n) = -n**3 - 11*n**2 - 6*n - 12. Give a(-11).
54
Let b(x) = -2*x**2 + 11*x + 3. What is b(6)?
-3
Let l(v) = -v**3 + 6*v**2 - 2*v + 11. Give l(6).
-1
Let u(j) = -j**3 - 9*j**2 - 23*j - 55. Determine u(-7).
8
Let i(t) = -4*t + 127. What is i(30)?
7
Let b(m) = -m**2 - 6. Determine b(0).
-6
Let i(v) = 24*v + 1028. What is i(-43)?
-4
Let d(g) = 2*g**2 + 14*g + 14. Calculate d(-10).
74
Let m(r) = 13*r**2 + 2*r + 1. Give m(-1).
12
Let v(r) = -r**3 - 2*r**2 + 6*r + 2. Determine v(-4).
10
Let b(m) = -m**3 + 7*m**2 - m + 2. Calculate b(6).
32
Let r(s) = -s**2 + 5*s + 9. Calculate r(9).
-27
Let v(f) = 5*f + 22. Calculate v(-5).
-3
Let o(a) = -3*a + 1. Give o(5).
-14
Let y(o) = o**2 - 10*o - 3. Calculate y(7).
-24
Let s(v) = 4*v + 30. What is s(-2)?
22
Let a(p) = 2*p**2 + 7*p + 3. Calculate a(-3).
0
Let i(p) = -p**2 - 15*p - 48. What is i(-4)?
-4
Let q(p) = -p**3 + 11*p**2 + 13*p - 16. Determine q(12).
-4
Let v(i) = -7*i + 5. What is v(-2)?
19
Let i(v) = v**3 + 2*v**2 - 2*v + 9. Give i(0).
9
Let v(c) = -c**3 + 14*c**2 + 31*c + 5. Calculate v(16).
-11
Let g(z) = z**2 + 7*z + 2. Determine g(-7).
2
Let o(g) = 5*g - 30. What is o(5)?
-5
Let q(i) = i**3 - 6*i**2 - 2*i + 36. Determine q(4).
-4
Let j(t) = -t**3 - 25*t**2 + 53*t - 33. What is j(-27)?
-6
Let k(d) = -2*d**3 - 3*d**2 + 4*d - 6. Give k(2).
-26
Let a(o) = 3*o + 27. Give a(-14).
-15
Let o(k) = 6*k + 21. Calculate o(-7).
-21
Let d(k) = -k**3 - 8*k**2 + 20*k. Determine d(-10).
0
Let j(o) = 12*o**2. What is j(-2)?
48
Let x(b) = 26*b. What is x(-1)?
-26
Let m(z) = 2*z**3 - 6*z**2 + 16*z + 7. Give m(4).
103
Let l(o) = -o**2 - 16*o + 374. Determine l(13).
-3
Let m(h) = -h**2 + 10*h - 5. Determine m(9).
4
Let f(z) = z**3 - 19*z**2 + 17*z - 11. Determine f(18).
-29
Let p(j) = -j**3 - 5*j**2 - 4*j - 2. Determine p(-3).
-8
Let n(y) = -y - 8. Determine n(-7).
-1
Let t(g) = -g**2 + 22*g + 33. Give t(25).
-42
Let w(s) = s**3 - 5*s**2 + 6*s - 8. Determine w(4).
0
Let b(u) = -3*u**3 + 22*u**2 - 30*u. Determine b(5).
25
Let c(n) = n**3 + 19*n**2 - 19*n + 5. Give c(-20).
-15
Let u(x) = x**2 - x - 2. What is u(-1)?
0
Let f(u) = u**2 - 20*u - 22. What is f(21)?
-1
Let d(x) = 3*x - 123. Give d(36).
-15
Let k(w) = w**3 - 7*w**2 - 10*w. Determine k(8).
-16
Let u(j) = j**3 + 12*j**2 + 11*j - 16. Give u(-11).
-16
Let v(i) = -6*i - 69. What is v(-11)?
-3
Let r(q) = q**2 + 2*q + 1. What is r(-4)?
9
Let o(k) = -3*k + 41. Determine o(13).
2
Let g(y) = -y**2 - 10*y + 4. Calculate g(-9).
13
Let n(k) = -8*k**2 - 12*k - 7. What is n(-1)?
-3
Let m(j) = -j - 15. Give m(-8).
-7
Let z(p) = -p**3 + 10*p**2 - 10*p + 4. What is z(9)?
-5
Let s(w) = -w - 18. Determine s(-15).
-3
Let a(n) = n - 2. Determine a(7).
5
Let g(k) = k**3 - 6*k**2 + 2*k. Determine g(4).
-24
Let p(h) = -h - 15. What is p(0)?
-15
Let g(t) = -5*t + 41. What is g(20)?
-59
Let m(s) = -s**3 - 9*s**2 - 8*s + 23. Give m(-6).
-37
Let v(d) = 2*d - 30. Calculate v(28).
26
Let s(l) = 2*l**3 - 3*l**2 + l + 3. Calculate s(2).
9
Let l(h) = h**2 + 19*h + 71. Determine l(-7).
-13
Let g(v) = v**2 + 3*v - 67. What is g(-10)?
3
Let p(v) = 61*v - 360. Give p(6).
6
Let s(b) = -b**3 - 3*b**2 - 3*b - 6. Give s(-4).
22
Let i(c) = 2*c**2 - 5*c - 4. Determine i(4).
8
Let y(a) = -a**3 + 18*a**2 - 55*a - 19. Calculate y(14).
-5
Let k(g) = g**2 - 41*g + 415. What is k(18)?
1
Let q(r) = r**3 + 2*r**2 + 2*r + 3. Calculate q(3).
54
Let s(k) = -6*k - 3. What is s(-2)?
9
Let t(n) = -n**2 - 18*n + 57. Determine t(-21).
-6
Let t(m) = m**2 - 2*m + 1. Calculate t(1).
0
Let h(u) = -u**2 + u - 3. Determine h(2).
-5
Let o(i) = i**3 + 6*i**2 + 7*i + 6. What is o(-4)?
10
Let z(u) = 19*u + 361. Calculate z(-19).
0
Let h(r) = 4*r**2 + 19*r - 11. Give h(-5).
-6
Let b(x) = -x + 22. What is b(16)?
6
Let a(f) = -f**3 - 15*f**2 + 3*f + 29. Determine a(-15).
-16
Let a(k) = -k**3 - 9*k**2 - 18*k - 72. Give a(-8).
8
Let t(d) = -16*d**2 - 5*d + 5. Give t(3).
-154
Let i(y) = -y**2 - 44*y - 33. Calculate i(-43).
10
Let r(f) = -29*f + 6. Give r(4).
-110
Let m(p) = p**3 + 2*p**2 + 2*p + 4. Determine m(-4).
-36
Let t(q) = -q**3 - 9*q**2 - 5. Give t(-9).
-5
Let h(w) = -7*w - 57. What is h(-7)?
-8
Let q(l) = -5*l - 67. What is q(-23)?
48
Let i(x) = -48*x + 11. What is i(-2)?
107
Let f(a) = 2*a**3 + 16*a**2 - 11*a + 7. What is f(-9)?
-56
Let w(j) = 3*j**2 - 8*j - 5. Determine w(0).
-5
Let l(